 = -4*w - 5*p, -2*w = 3*p + 2*p - 33. Let c = -8 + w. What is the greatest common factor of c and u?
6
Suppose -118 = -5*m + 2*a, 0*a - 2*a = 3*m - 58. Suppose 0 = 7*r - m - 6. What is the highest common divisor of r and 32?
4
Let u(c) = -c**3 + 6*c**2 + c - 6. Let i be u(6). Suppose -5*z + z + 212 = i. Suppose -2*t - 1 = -z. What is the highest common factor of 13 and t?
13
Suppose 41*v = 38*v + 120. Calculate the highest common divisor of 1080 and v.
40
Let y be (-1 - (1 - -42))*-4. Let b(r) = r**3 + 23*r**2 - 21. Let n be b(-23). Let m = -5 - n. Calculate the highest common factor of m and y.
16
Suppose 1297*y - 1295*y = 1326. What is the greatest common factor of 51 and y?
51
Let l(j) = j**3 + 9*j**2 + 7*j + 5. Let d = -15 - -8. Let p be l(d). Calculate the greatest common divisor of 18 and p.
18
Let m(t) = 8*t - 88. Let l be m(16). What is the greatest common factor of 40 and l?
40
Let c be (-6 - -3) + 5 + 68*8. What is the greatest common divisor of 126 and c?
42
Suppose -144 - 56 = -5*i. Suppose 5*m - i = -s, 3*s - s - 36 = m. Let h = 50 + -20. What is the highest common divisor of s and h?
10
Suppose j + 38 = -9. Let r = j + 68. Let i = 210 - 63. What is the highest common divisor of r and i?
21
Suppose -45*t - 2037 = -5187. Let g(w) = -w**2 + 7*w. Let i be g(5). What is the greatest common factor of t and i?
10
Let y = -18 + 22. Let w(h) = -4*h + 9*h + 7*h**2 + y + 2*h. Let q be w(-4). What is the highest common factor of 8 and q?
8
Suppose -15*w = -26*w + 583. What is the highest common factor of 477 and w?
53
Let w(b) = 19*b**2 + 8*b + 13. Let f be w(-3). Let h be (-3)/(6*(-1)/f). What is the highest common factor of h and 32?
16
Suppose -48 = -5*l - l. Let c(y) = 8*y - 7. Let i(p) = -p + 1. Let o(k) = c(k) + 6*i(k). Let n be o(l). What is the highest common divisor of n and 3?
3
Let y(u) = -u**3 + 23*u**2 - 44*u + 56. Let z be y(21). Calculate the greatest common divisor of 329 and z.
7
Suppose -2*w - 72 = 58. Let j = w + 72. Calculate the highest common factor of 21 and j.
7
Let p(y) = y**3 - 6*y**2. Let j be p(6). Let i(g) = 2*g + 6. Let q be i(j). What is the highest common factor of 2 and q?
2
Let s = -6 + 24. Let z be ((-2)/4)/((-13)/182). Suppose 3*y = z*y - 504. Calculate the greatest common divisor of y and s.
18
Suppose 56*k - 80 = 51*k. Let y = 53 - 380. Let g = -199 - y. Calculate the greatest common divisor of g and k.
16
Let v = -26 - -29. Suppose 170 = 2*d + 4*t, 5*d - v*t + t - 365 = 0. Let q be (-20)/(-70) - d/(-7). Calculate the greatest common factor of q and 33.
11
Suppose -37*c - 106 = -5*f - 35*c, 83 = 2*f + 5*c. Suppose 3*l + 8 = 17. Let i be l/(-2 - 38/(-16)). Calculate the greatest common factor of f and i.
8
Let m(a) = a + 1. Let r(l) = 5*l**2 + 11*l - 2. Let g(n) = -5*m(n) + r(n). Let x be g(7). Calculate the highest common divisor of 35 and x.
35
Let r be 648/180*(-50)/(-3). What is the highest common divisor of r and 84?
12
Let q be -4*(6 + (-23)/4)*-15. Calculate the highest common factor of 12 and q.
3
Let r be (-691)/(-7) + (-4)/(-14). Let a be 11 - (35/7 + -5). Calculate the highest common factor of a and r.
11
Let y be (-1 + -4)/(-5)*3. Suppose 4*w + 199 = 3*h + 46, -85 = -2*h - y*w. Calculate the greatest common divisor of 376 and h.
47
Suppose -61*g = -51*g - 80. Calculate the highest common divisor of g and 112.
8
Let k = 41 - 36. Suppose 5*t + 2*c = 53, 4*t - c + k*c = 40. What is the greatest common divisor of t and 99?
11
Let b be (0 + 0)/2 + 540/12. What is the greatest common divisor of 195 and b?
15
Suppose 5*j = -3*m + 38, 5*m + 9*j = 13*j + 14. Let d(z) = z**2 + 2*z + 15. Let s be d(m). What is the highest common factor of s and 9?
9
Let t(a) be the first derivative of 7*a**2/2 + 60*a + 4. Let s be t(-7). Calculate the highest common divisor of 11 and s.
11
Suppose 5*s - 41 = 4*i, 8*s + 37 = 12*s + i. What is the greatest common factor of s and 288?
9
Let h(k) = -17*k - 165. Let b be h(-37). What is the greatest common divisor of 58 and b?
58
Suppose 2*k + 16 = 3*f + 6*k, 5*f - k - 65 = 0. Let g(d) = -2*d**3 - 4*d**2 - 4*d + 4. Let z be g(-4). Calculate the greatest common factor of z and f.
12
Let p be 1*310 + (-45)/(-9). What is the highest common factor of p and 90?
45
Let q(f) = 7*f + 189. Let v be q(-15). Let r be (-12)/10*(-2 + -8). Calculate the greatest common factor of r and v.
12
Let v(o) = o**3 + 2*o**2 + o + 2. Let u be v(-2). Suppose u = 8*z - 134 - 42. Calculate the highest common divisor of 242 and z.
22
Let v = -26 - -13. Let t(z) = -z**3 - 14*z**2 - 13*z + 5. Let d be t(v). What is the highest common divisor of d and 10?
5
Let o be (-110)/15*(0 - 6). What is the greatest common divisor of 55 and o?
11
Let c = -142 + 290. Let s = c + -64. Calculate the highest common divisor of s and 28.
28
Let w be -6 - (-2)/2*(6 - -13). Calculate the highest common factor of 481 and w.
13
Let x(w) = -4*w**2 - 73*w - 1. Let i be x(-13). Calculate the highest common divisor of 17 and i.
17
Suppose z + 1 = 0, -24*w - 62 = -27*w + 2*z. What is the greatest common factor of 20 and w?
20
Suppose 5*l - 272 = -137. Calculate the highest common factor of 171 and l.
9
Let b = 84 - 45. Let w(q) = q**2 + 32*q - 470. Let n be w(-43). What is the highest common factor of b and n?
3
Let l(w) = 12*w + 256. Let t be l(-21). What is the greatest common factor of t and 38?
2
Let f be (4 - -1) + (-16)/8 + 105. Let w be (f/7)/(13/182). Calculate the greatest common factor of 27 and w.
27
Let n = 0 - 6. Let f be 2/n - (-1045)/57. What is the highest common factor of f and 12?
6
Let k = -15 - -17. Let d(w) be the first derivative of -w**4/4 + w**3 + 5*w**2/2 + w - 1. Let x be d(4). Calculate the greatest common divisor of k and x.
1
Suppose -3*g = -192 + 21. Suppose h + g = 4*h. Let o = 490 - 281. Calculate the highest common divisor of o and h.
19
Suppose 15*c - 182 - 388 = 0. Calculate the highest common divisor of c and 266.
38
Let w(j) = 2*j**2 + 4. Let q = -6 - -9. Let s be w(q). Calculate the greatest common divisor of 198 and s.
22
Let a(j) = -31*j**3 - 2*j**2 + 7*j + 14. Let q be a(-2). What is the highest common factor of q and 15?
15
Let z = -364 - -370. Calculate the highest common divisor of z and 2.
2
Suppose 657 = 9*j + 27. Let x = -55 + j. Let b(n) = n**2 + n + 15. Let t be b(0). Calculate the greatest common divisor of x and t.
15
Let d(q) = -q**3 + 11*q**2 + 11*q + 14. Let t be d(12). Suppose 4*j = -2*y - t + 300, -2*y - 318 = -4*j. What is the highest common factor of 11 and j?
11
Let m be 9/(((-72)/(-512))/(6/(-8))). Let d be (-230)/(-3) + 4/(-6). Let u = d + m. Calculate the greatest common divisor of u and 14.
14
Let p(t) = 7*t - 2. Let m(j) = 36*j - 9. Let n(a) = 2*m(a) - 11*p(a). Let r be n(-1). What is the greatest common divisor of r and 6?
3
Let c be (-45)/(-21) + -2 - 1664/(-112). What is the highest common factor of 255 and c?
15
Let o = 115 - 79. Calculate the highest common factor of 228 and o.
12
Let w(h) = -8*h**2 - 3*h + 3. Let g be w(1). Let f be 32/((18/g - -2)*-1). Let n be (2/(-1) - 2)*-4. What is the highest common factor of f and n?
16
Suppose 32 = 4*w - 4*t, 3*w + 4*t + 5 = 1. Let n(z) = z**2 + 14*z + 7. Let y be n(-10). Let p = y + 37. What is the greatest common divisor of w and p?
4
Let a = 59 + -52. Let x = 13 - a. Calculate the highest common divisor of 6 and x.
6
Suppose z = -d + 34, -z + 0 + 22 = 5*d. Calculate the greatest common factor of z and 407.
37
Suppose 103*i - 112*i = -594. Calculate the highest common factor of i and 363.
33
Let c be (21/12)/((-1)/(-4)). Suppose -315 = -2*t - 3*t + 3*k, -4*t = -k - 252. What is the greatest common factor of c and t?
7
Let o(w) = -3*w**2 + 72*w + 4. Let s be o(24). Calculate the greatest common factor of 4 and s.
4
Let d(p) = 8*p - 5*p**2 - 4*p**3 - 2 + 0 + 5*p**3. Let q be d(7). Let l = 232 - q. Calculate the highest common divisor of 10 and l.
10
Let w(d) = -d**2 + 7*d - 5. Let z be (-4)/12 - 5/3. Let r = 4 - z. Let j be w(r). What is the greatest common divisor of j and 4?
1
Suppose -3*s - f + 45 = -3, 2*f = 5*s - 69. Let h be (s - 3)/(-4)*-6. Suppose -4*g = -7*g + h. What is the greatest common factor of 2 and g?
2
Let j(x) be the first derivative of 7*x**4/2 - x**2/2 + 1. Let z be j(2). Suppose -3443 = 12*u - 3